) + (-2784)/(-1479). Let r(u) be the first derivative of u**2 - 5*u - 1. Give r(l).
-1
Let i(b) = b**2 + 5*b + 16. Let v(t) = t**2 + 3*t. Let f(l) = -i(l) + 3*v(l). Calculate f(-4).
0
Let h(y) = y**3 + 9*y**2 - 38*y - 5. Let j be h(-12). Let q = j + -22. Let k(a) = a**3 + 5*a**2 + a - 2. Calculate k(q).
13
Let h(y) = -y**3 - y**2 + y. Let u(f) = 5*f**2 - 2*f - 1. Let m(k) = -h(k) - u(k). Let j be 5/((-15)/12)*-1. Determine m(j).
5
Let n = 263 + -238. Let s(i) = -5*i + 119. Calculate s(n).
-6
Let x = 150 - 148. Suppose x*n - 102 = -15*n. Let j(k) = 3*k**2 - 5*k + 5. Let u(b) = b**2 + b + 1. Let s(h) = j(h) - 2*u(h). Give s(n).
-3
Let s(o) = -29*o**3 + 14*o**2 + 61*o. Let m(i) = 27*i**3 - 13*i**2 - 59*i - 1. Let j(w) = -14*m(w) - 13*s(w). Give j(6).
-4
Let d(x) = -4*x - 1. Let p be 12/(-168)*-14*0. Determine d(p).
-1
Let i(k) = 605*k - 2 - 606*k - 5. Let l be -1 - 6 - (-4)/2. Let o be i(l). Let z(n) = n**3 + n**2 + 4*n + 3. What is z(o)?
-9
Let f(a) = a**2 + 2*a + 1. Let t be ((-3)/(-2) + -1)/((-5)/60). Let b = t - -5. What is f(b)?
0
Suppose 5*x = -5*h - 10, 18 = 6*h - 3*h - 3*x. Let b(s) = -2*s - 10. Let v be b(-5). Let c(p) = 2*p + 5*p - 3*p + 2 + v*p. Determine c(h).
10
Let q(d) be the third derivative of d**4/4 + 22*d**3/3 - 65*d**2 - 2*d + 9. Calculate q(-8).
-4
Let n(w) = w + 18. Let j(q) = q**2 + 9*q - 170. Suppose 77*b - 79*b - 32 = -p, -2 = b - 4*p. Let t be j(b). Determine n(t).
10
Let m(u) = -2*u**3 + 13*u**2 + 9*u + 18. Let s(l) = -4*l**3 + 23*l**2 + 16*l + 31. Let i(v) = -7*m(v) + 4*s(v). Give i(3).
-44
Let p(y) = -64*y - 7. Suppose -2*z - 2*x + 20 = 0, 217 = -3*z + 2*x + 207. Determine p(z).
-135
Let p be 1*(-3 - (-1 - -1)). Let g(v) = 358*v**2 - 13*v - 8. Let t(y) = -1372*y**2 + 51*y + 32. Let i(j) = -23*g(j) - 6*t(j). Give i(p).
-5
Let p(u) = -8 - 24 - 2087*u + 4185*u - 2095*u. Determine p(16).
16
Let i(q) = 479*q + 3 + 471*q - q**2 + q**3 - 4 - 949*q. Let o(t) = t**3 + 6*t**2 - 6*t - 4. Let f(y) = 2*i(y) - o(y). Determine f(6).
-22
Suppose -4460 = 297*r - 307*r. Let z = r - 436. Let j(t) = -t**2 + 8*t + 25. Determine j(z).
5
Let j(l) be the first derivative of -l**4/4 + 7*l**3/3 + 9*l**2/2 - 9*l - 28. Let v = 46 + -40. Let x be v/10 - (-814)/110. Give j(x).
-1
Let x(z) = 55 + 425*z**2 - 4*z - 59 - z**3 - 419*z**2. Let j = -11 - -14. Suppose j*g = 5*g - 10. What is x(g)?
1
Let g(u) be the third derivative of -u**6/360 - 13*u**5/120 + 19*u**4/24 - 53*u**3/2 - 6*u**2. Let m(b) be the first derivative of g(b). Give m(-15).
-11
Let k(a) = -3 + a + 1 - 3*a + 3*a. Let v(h) = 103*h + 619. Let z be v(-6). What is k(z)?
-1
Let f(j) = 2*j**2 - j + 4 - 5 - 3*j - j**2. Let k be (-4 - 1/((-2)/(-12)))*-7. Let q = -65 + k. What is f(q)?
4
Let k(l) = 3*l**2 + 2*l**3 + 556*l - 1130*l + 2 + 573*l. Calculate k(-3).
-22
Let o(k) = k**2 - 4*k - 7. Suppose -2 = -11*b + 31. Suppose 0*y - b*y = -x - 23, 0 = 5*y + 3*x - 15. What is o(y)?
5
Let d be (22/(-11))/((-13)/(78/12)). Let m(c) = 19*c. Determine m(d).
19
Let k(u) = 3*u - 10. Let h(c) = -c - 23. Let x(n) = 2*h(n) - 5*k(n). Determine x(-1).
21
Suppose 64*a + 26*a = 24*a - 990. Let o(q) = 5*q + 62. Give o(a).
-13
Let o(r) = -5*r**3 + 10*r**2 + 81*r - 6. Let g(n) = 19*n**3 - 38*n**2 - 311*n + 23. Let j(s) = -6*g(s) - 23*o(s). Suppose 0 - 21 = -7*t. Calculate j(t).
18
Suppose -6 = 3*m - 3. Let k(p) be the second derivative of -1/3*p**4 + 0*p**2 + 28*p + 1/6*p**3 + 0. Calculate k(m).
-5
Let o be 16/(-120) + 252/(-135). Let t(q) = -5*q**2 - 2*q - 4. Let v(s) = 11*s**2 + 3*s + 9. Let z(a) = -5*t(a) - 2*v(a). Determine z(o).
6
Let b(l) be the first derivative of 5*l**4/2 + l**3/3 + l**2/2 + 5319. Determine b(-1).
-10
Let k be (6 + 225/(-27))/((-2)/186). Let w(s) = -3 - 107*s + k*s - 108*s. Let o(j) = -j - 7. Let n be o(-12). Give w(n).
7
Let u(v) = 3*v**2 + 11*v + 3. Let n(l) = 2*l**2 + 10*l + 2. Let k(g) = 4*n(g) - 3*u(g). Let q = 10112 + -10106. Calculate k(q).
5
Let l(g) = -18*g - 1. Let h(s) = 16*s + 1. Let x(i) = -7*h(i) - 6*l(i). Let b(o) = 2*o**2 - 16*o - 1. Let w be b(8). Give x(w).
3
Let r(s) = s**2 + 7*s + 4. Let q be r(-7). Let g(m) be the third derivative of m**5/60 - 5*m**4/24 + 2*m**3/3 - 48*m**2. Calculate g(q).
0
Let b(q) = -3*q**3 + 70*q**2 - 141*q + 1056. Let s(v) = -2*v**3 + 47*v**2 - 93*v + 704. Let u(f) = 5*b(f) - 8*s(f). Calculate u(25).
-2
Let t(b) = -b**2 - b. Let z = 56 - 14. Let j = z + -42. Suppose y = -4*y - d - 5, 2*y + 4*d + 2 = j. What is t(y)?
0
Let t(w) = 1 + 9 - 9*w - 10609*w**2 - 2*w + 21216*w**2 + 2*w**3 - 10609*w**2. Give t(4).
62
Let b(m) = -52 + 117 - m - m**3 - 73. Calculate b(0).
-8
Let p(j) = 28*j + 38 - 20*j - 31*j. Let g be p(2). Let d(z) = -z**3 - 9*z**2 - 10*z - 9. Give d(g).
7
Let n(x) = -x**3 - 6*x**2 + x + 10. Suppose -5*j + 0*q - 15 = 2*q, j + 5*q = -3. Let w(b) = -b**3 - 4*b**2 - b. Let r be w(j). What is n(r)?
4
Let x(d) = 6*d**3 - 2*d**2 - d + 1. Let k(l) be the third derivative of l**5/30 - 5*l**4/24 - 13*l**3/6 - 40*l**2. Let w be k(4). Give x(w).
-6
Suppose 762*j + 98 = 776*j. Let k(q) = q**3 - 7*q**2 + 2*q - 10. Determine k(j).
4
Suppose g = -3*l + 15, 5*l - 25 = 2*g - 5*g. Let t(f) = -f**3 - 3*f**2 + 4*f + 4. Let u be t(-4). Let c(j) = u*j + 17 - 7 + g*j - 7. What is c(3)?
15
Let n(j) = -5*j**3 - 113*j**2 + 105*j + 29. Let c(p) = -p**3 - 21*p**2 + 21*p + 6. Let k(w) = -16*c(w) + 3*n(w). What is k(-3)?
0
Let r(g) = 14*g + 84. Let z(f) = -15*f - 98. Let i(d) = -6*r(d) - 5*z(d). Give i(-4).
22
Let z(l) be the second derivative of -5*l**3/6 + 221*l**2/2 + 72*l - 20. Give z(41).
16
Let o(z) = 14*z + 10. Let n(a) = 23*a + 10. Let g(b) = 2*n(b) - 3*o(b). Suppose 0*t - 5*t = -20. Determine g(t).
6
Let g(y) = -y**2 + 2*y + 5. Let l be g(-2). Let h(q) = -9*q**3 + 4*q**2 - 2*q - 3. Let p be h(l). Let j(v) = 2*v - 282 - v + p. What is j(-3)?
-3
Let q(c) = c**2 + 16*c - 21. Let l(k) = 91*k - 3838. Let g be l(42). Calculate q(g).
-21
Let i(n) = -n**3 + 9*n**2 + 6*n + 7. Let u(c) = 3*c**3 - 20*c**2 - 13*c - 16. Let s(t) = -9*i(t) - 4*u(t). Give s(2).
-31
Let f(b) = 11*b - 24. Let i = -8698 - -8688. Determine f(i).
-134
Let z be (-17 + 2)/3*-1. Let l(c) = -3*c**2 - c + 3*c**2 + 2*c**2 - z*c. Let g(u) = 224*u - 2684. Let d be g(12). Determine l(d).
8
Suppose 2*k = 3*k - 3*k. Let f be k/((4 + -6)*3/(-6)). Suppose -4*b = -f + 16. Let d(t) = t**2 + 4*t - 1. Calculate d(b).
-1
Let t(s) = -49 + 234*s - 398*s + 172*s. Determine t(6).
-1
Let x = -17 + -14. Let g = 55 + x. Let w(o) = -10 - 19*o + 3*o**3 + g*o - 2*o**2 - 4*o**3 - 4*o**2. What is w(-7)?
4
Suppose 333*m - 184*m = 64*m + 340. Let c(h) be the third derivative of 1/3*h**3 + 0 + 17*h**2 + 0*h + 5/24*h**m. Calculate c(-2).
-8
Suppose -2*f + 32 - 28 = 0. Let a(i) = 24 - 24 + 6*i**2 - 5*i**f - 4*i. Let g = -33 - -37. Give a(g).
0
Suppose -6*d = -208 - 392. Suppose 0 = -5*b + d - 75. Let f(z) = -z - 7. What is f(b)?
-12
Let k = -18 + 33. Let h(p) = -p**2 + 23*p + 19. Let i(n) = -3*n**2 + 65*n + 40. Let v(x) = 5*h(x) - 2*i(x). What is v(k)?
15
Let t(r) = -r**3 + 2*r**2 + 2*r - 5. Let q be (0 - (-6 - -12)) + 4. Let m be (1/q)/(6/(-36)). Calculate t(m).
-8
Let j(m) = -4*m**2 + 108*m + 9. Let h(b) = -91*b - 519. Let f be h(-6). Determine j(f).
9
Let s(y) be the third derivative of -y**4/3 - 47*y**3/6 - y**2 - 7. Let u be s(-5). Let j(c) = -c**2 - 7*c - 9. What is j(u)?
-9
Let c(u) be the third derivative of -5*u**4/24 - u**3/2 - 33*u**2 - 2. Give c(1).
-8
Let b(s) = 2*s - 2. Suppose 0 = 1282*k - 1293*k - 44. Give b(k).
-10
Let z(i) = -i**3 + 6*i**2 + 6*i + 4. Let a be (32/(-24))/(-4)*3*7. Give z(a).
-3
Let y(j) be the third derivative of -j**5/20 + 13*j**4/24 - 11*j**3/3 - 4784*j**2. What is y(3)?
-10
Suppose 2012*r = 1959*r - 424. Let t(a) = -a**3 - 8*a**2 + 9*a + 7. What is t(r)?
-65
Suppose -580*x + 539*x - 451 = 0. Let u(d) = d**2 + 13*d + 27. Calculate u(x).
5
Let s(f) = 13*f**3 - 22*f**2 - 6*f + 4. Let w(x) = 2*x**3 - x**2 - x - 1. Let i(c) = -s(c) + 6*w(c). Determine i(16).
-10
Let b(o) = o**2 + 10*o + 10*o - 1 - 10*o + 12. Determine b(-7).
-10
Let q(d) be the third derivative of 0*d + 1/24*d**4 + 2*d**2 - 54 - 2/3*d**3. Give q(11).
7
Let x = -1916 + 1907. Let s(v) = -v**3 - 8*v**2 + 5*v - 9. Determine s(x).
27
Let d(f) = -f**3 - 3*f**2 - f - 3. Suppose z - 3*z + 4 = 4*g, 2*z = -3*g + 1. Suppose -2*i - 5*j = 